. Let b be -3*((-2)/(-2) - 0). Let w = b - d. What is the units digit of w?
2
Let w = 66 - 46. What is the units digit of w?
0
Let u = -7 - -2. Let p(l) = 2*l**2 - 7*l - 2. Let v be p(u). Suppose -2*j - v = -5*w + 10, -3 = -3*j. What is the units digit of w?
9
Let u(m) = m**2 - 5*m - 1. What is the units digit of u(-7)?
3
Suppose 6 = -2*v - v. What is the units digit of ((-2)/(-5))/(v/(-40))?
8
Let y = 6 - -39. What is the tens digit of y?
4
Suppose 0 = 4*u - 4 - 0. Suppose l = u + 3. Suppose -3*i + l*k + 58 = 0, -i - 3*k = -0*i - 15. What is the units digit of i?
8
Let p be ((-24)/(-32))/(2/(-8)). Let c be 6*(3 + (10 - p)). Suppose 0 = 3*d - 8*d + 4*b + c, 5*d - 104 = -4*b. What is the tens digit of d?
2
Let a(v) = -2*v**3 - 3*v**2 - 3*v - 3. Let m be a(-2). What is the tens digit of ((-7)/(-2))/m*76?
3
Let p = -686 - -980. What is the tens digit of p?
9
Let j(q) = 11*q + 5. Let o be j(-2). Let m = 60 + o. What is the tens digit of m?
4
Let f(k) = -k - 2. Let l(u) = -6*u - 11. Let w(t) = 11*f(t) - 2*l(t). Suppose 0 = 5*c - 8*c + 24. What is the units digit of w(c)?
8
Let c be 3/6*2/1. Suppose -19 = -5*z + c. Suppose 0 = -4*a - 12, z*a = 2*j - 7*j + 48. What is the units digit of j?
2
Suppose 5*g - 90 - 95 = 0. What is the tens digit of g?
3
Let v(x) be the first derivative of 5*x**3/3 - x**2 + x + 1. Let t be v(1). Suppose r + 3*q = -6, 8*r - t*r = -4*q. What is the units digit of r?
3
Suppose 14 - 34 = -4*y. Suppose v + 4*p - 5 = 0, 7*p - 3*p = v - y. What is the units digit of v?
5
What is the units digit of (-2)/(-9) - 1938/(-27)?
2
What is the tens digit of (-2)/((-16)/4)*42?
2
Let t = 4 + 0. Let z(k) = -8*k**2 - 7*k + 8 - 1 - t*k**3 + 3*k**3. What is the units digit of z(-7)?
7
Let u be ((-2)/4)/(2/16). Suppose 9*n = 8*n - 11. Let t = u - n. What is the units digit of t?
7
Suppose 3*i + 0*b + 7 = 4*b, 0 = 2*i - b - 2. Suppose i*j - 4 = 68. What is the tens digit of j?
2
Let c be (6/3)/((-2)/31). Let a = -20 - c. What is the units digit of a?
1
Let v(g) = 2*g**2 + 4*g + 2. Let t be v(-2). Suppose -y - 64 = -t*j + 3*y, -5*y - 155 = -5*j. What is the units digit of j?
0
Suppose 2*g = 20 - 2. What is the units digit of 9/(-6)*(-66)/g?
1
Let g(v) be the second derivative of -7*v**3/6 + v**2/2 + v. Let k be g(-2). Suppose -3*r = -k + 3. What is the units digit of r?
4
Let c(r) = 14*r - 4. What is the units digit of c(7)?
4
Let t(c) = 2*c**3 - 3*c**2 - c. Let y be t(3). Let w = y + -13. What is the tens digit of w?
1
Let b(d) be the second derivative of -d**5/20 - 5*d**4/6 - 2*d**3/3 + 9*d**2/2 - 3*d. What is the units digit of b(-10)?
9
Suppose -4*i - 4*o - o = -26, 2 = i - o. Suppose 0 = -i*h + 15 + 5. What is the units digit of h?
5
Suppose -q + 45 = 5*i, 2*i + 43 = q - 2. Let b = -31 + q. What is the units digit of b?
4
Let y be ((-6)/(-21) - 0)*7. Suppose y*i - 8 = 20. What is the units digit of i?
4
Let n(s) = s**2 + 5*s - 4. Let c be n(-6). Suppose -19 = -y + 6*g - 2*g, y = -c*g - 5. What is the tens digit of 10 + 1 + 6/y?
1
Let v be 17 + -1 - (-1 - -1). Suppose -r - 13 = -s - 2*r, 4*s - 45 = 3*r. Suppose -2*t + 4*p = t - s, -2*p = -4*t + v. What is the units digit of t?
4
Let g = 10 - 6. Suppose g*h - 4*i - 53 = 35, 91 = 3*h + 2*i. What is the tens digit of h?
2
Suppose -i + 19 = -17. Suppose 4*j + 2*a - i = 0, 2*j - 26 = 2*a + a. What is the units digit of (6/j)/(5/25)?
3
Suppose -5*n + 19 = -16. Suppose 0 = 2*i - n - 5. What is the units digit of i?
6
Suppose 4*n - 5*k - 29 = 0, 6*n - 3*k - 27 = 2*n. Suppose w = -w + l - n, 3*l - 12 = 0. What is the units digit of 4 - 1/(-1)*w?
3
Let i(y) = -2*y**3 - y**2 - 2*y. Suppose -12 = -5*b + 18. Suppose g + b = -3*m + 4*g, 0 = -2*m - 2*g - 4. What is the units digit of i(m)?
6
Suppose 3*c + 32 = 5. Let k(s) = -6 + s**2 + 6*s + 1 - 3. What is the tens digit of k(c)?
1
Suppose -11 = l + 3*c - 4, -5*l - 2 = 4*c. Suppose l*i + 2*z + 2*z - 8 = 0, -4*z = -4*i + 4. What is the units digit of i?
2
What is the units digit of (-3)/(-1) - -1*(34 + 0)?
7
Let d be 1/((-711)/178 - -4). Suppose 2*h = -2*g - 10 + 94, 5*g - 3*h = d. What is the units digit of g?
8
Let g(h) be the second derivative of -h**5/20 - 7*h**4/12 + h**3/3 + h**2 + 9*h. What is the tens digit of g(-8)?
5
Let s(o) = 19*o**2 - 1. Let l be s(-1). Suppose 3*n - 81 = -l. What is the tens digit of n?
2
Suppose -5*w = 3*x - 15 - 144, -3*x - 4*w + 156 = 0. Suppose 14 = -2*g + 2*a + 3*a, 4*a - 7 = 3*g. What is the units digit of g/(-9) - x/(-9)?
5
Let q = 60 - -15. What is the tens digit of q?
7
Suppose -3*s = -5*s, -5*l + 3*s + 30 = 0. Suppose 0 = -l*a + a. Let t(c) = c + 4. What is the units digit of t(a)?
4
Let y be (-26)/10 - 2/5. Let i = y - -5. Suppose -v + 10 = r, -5*v + v = i*r - 46. What is the tens digit of v?
1
Let n be ((-3)/2)/(1/2). Let a = n + 4. What is the units digit of a?
1
Suppose -2*s + 4*k = -3*s - 9, -9 = -s + 5*k. What is the tens digit of (s - (-93)/15)*5?
2
Let m = 267 - 101. What is the units digit of m?
6
Let r = -3 - -6. Suppose -3*z - 10 - 2 = 4*x, 3*x + 20 = -5*z. Suppose 0 = -x*t + t - r. What is the units digit of t?
3
Let h(q) = -3*q - 3. Let w be h(-2). Suppose 2*d - 25 = -w*d. What is the units digit of d?
5
Let v(b) = -b + 7. Let h be v(6). Let y = -4 - -6. Let s = y + h. What is the units digit of s?
3
Suppose 0 = 75*w - 70*w - 1075. What is the tens digit of w?
1
Suppose 20 = -5*z, x + 8 = -5*z - 8. Let p be ((-560)/15)/8*-3. Suppose -x = -g + p. What is the units digit of g?
8
Suppose -3*b + 2 + 1 = -4*g, -4*b = -4. Let i = 9 + -14. Let h = g - i. What is the units digit of h?
5
Let c be ((-3)/6)/(3/(-42)). Suppose a - 3 = c. What is the units digit of a?
0
Let y be ((-18)/15)/(2/(-10)). Suppose -3*u + 7 = f - 5*f, 0 = -5*f + 5*u - 5. Let c = y + f. What is the units digit of c?
2
Suppose -3*d = d - 76. Suppose -d - 6 = -5*x. What is the units digit of x?
5
Suppose -3*p = -8*u + 3*u - 26, 0 = -p - 2*u - 6. Let i(r) = -5*r**p - 5*r**2 + 6*r + 11*r**2 + 8. What is the units digit of i(-6)?
8
Let a be 4/3*(-15)/(-10). Suppose 0*y = -3*y + a*v + 102, 175 = 5*y - 5*v. What is the tens digit of y?
3
Let y = 38 - 3. What is the units digit of y?
5
Let n be (-4)/6 + 80/12. Let r be (42/(-9))/((-4)/n). Let a = r + -3. What is the units digit of a?
4
Suppose -4*s = -3*d + 37, -4 = s - 0. Let r(u) = u**2 - 10. What is the units digit of r(d)?
9
Let l = -26 + 39. Let r(h) = 7*h - h**2 + 5 - l + 2*h**2 - 3*h. What is the units digit of r(-6)?
4
Let j(f) = -1. Let p(g) = g - 2. Let o(k) = 4*j(k) - p(k). Let c be (4/6)/(2/(-18)). What is the units digit of o(c)?
4
Suppose -m = -5*r + 2*r - 83, 3*r = 2*m - 85. Let z be 48/r + (-2)/9. What is the units digit of z - (1 + (1 - 7))?
3
Let r(t) = -t + 80. Let g be r(0). Let p be g/(-35) + 4/14. What is the units digit of (-1)/1 - 22/p?
0
Let f = -38 + 10. What is the units digit of f/(-8) - 3/6?
3
Suppose -89 = -4*m - 1. What is the units digit of m?
2
Let z be 36/21 - (-6)/21. Suppose q = 5, -3*q - 73 = -z*b - 12. What is the tens digit of b?
3
Suppose 4*n + 2*a = 10 - 0, 0 = 3*n + 3*a - 9. Let t(i) = i**2 + i**2 - 1 + 0*i**2. What is the units digit of t(n)?
7
Suppose -16 = -4*g + 184. What is the units digit of g?
0
Suppose -9*o + 4*o + 355 = 0. What is the units digit of o?
1
Let v(w) = -w**2 + 9*w - 13. Let u be v(6). Suppose 0 = u*l - 6 - 4. What is the units digit of l?
2
Let n(c) = -3*c**3 - 2*c**3 - 1 + 4*c**2 + 4*c**3. Suppose 0*t - 2*t = -4, 5*p - 19 = -2*t. What is the units digit of n(p)?
8
What is the units digit of (-1058)/(-8) + (-30)/120?
2
Suppose 3*g - 14 = 4*y - 8*y, -2*y + 18 = -4*g. Suppose x + 94 = 4*x - z, -y*x = 4*z - 168. What is the units digit of x?
2
Let b be 7*(-1 - 1/(-7)). What is the tens digit of 5*3/(b/(-14))?
3
Let g(b) = b + 1. Let l be g(1). Suppose -3*m = -l*m + 3. What is the units digit of ((-1)/m)/(2/36)?
6
Suppose -5*i + 53 = -4*g + 1, i - 4 = 4*g. What is the tens digit of i?
1
Suppose -270 = 70*n - 75*n. What is the units digit of n?
4
Suppose -5*k = 3*x - 4*k - 182, -2*x = -3*k - 114. Suppose -2*o + 18 + x = 0. What is the units digit of o?
9
Let w = -7 - -11. Suppose w*r - 70 - 22 = 0. What is the units digit of r?
3
Let q = 0 + 3. Suppose 16 + 8 = q*z. What is the units digit of z?
8
Let f be (5/2)/(-1)*-2. Suppose 0 = 3*l +